s digit of 898?
9
What is the tens digit of 82975?
7
What is the ten thousands digit of 96929?
9
What is the thousands digit of 12818?
2
What is the units digit of 4978?
8
What is the units digit of 7422?
2
What is the hundreds digit of 37429?
4
What is the units digit of 762?
2
What is the tens digit of 3737?
3
What is the hundreds digit of 49915?
9
What is the thousands digit of 5470?
5
What is the units digit of 3705?
5
What is the thousands digit of 3209?
3
What is the thousands digit of 53811?
3
What is the hundreds digit of 1004?
0
What is the hundreds digit of 21690?
6
What is the units digit of 2745?
5
What is the units digit of 2007?
7
What is the hundreds digit of 25882?
8
What is the thousands digit of 6173?
6
What is the ten thousands digit of 20542?
2
What is the thousands digit of 15346?
5
What is the hundred thousands digit of 105890?
1
What is the units digit of 109857?
7
What is the units digit of 98742?
2
What is the thousands digit of 42655?
2
What is the units digit of 553?
3
What is the thousands digit of 2354?
2
What is the tens digit of 5965?
6
What is the tens digit of 1953?
5
What is the tens digit of 39503?
0
What is the units digit of 2667?
7
What is the tens digit of 922?
2
What is the thousands digit of 2767?
2
What is the units digit of 5093?
3
What is the hundreds digit of 13587?
5
What is the tens digit of 17515?
1
What is the tens digit of 86884?
8
What is the units digit of 1326?
6
What is the thousands digit of 4269?
4
What is the units digit of 407?
7
What is the tens digit of 44277?
7
What is the ten thousands digit of 21593?
2
What is the thousands digit of 4991?
4
What is the hundreds digit of 754?
7
What is the units digit of 78024?
4
What is the hundreds digit of 11635?
6
What is the units digit of 136?
6
What is the hundreds digit of 1108?
1
What is the units digit of 3030?
0
What is the hundreds digit of 15133?
1
What is the units digit of 14643?
3
What is the hundreds digit of 1278?
2
What is the tens digit of 57745?
4
What is the units digit of 5915?
5
What is the hundreds digit of 33234?
2
What is the ten thousands digit of 16169?
1
What is the tens digit of 10808?
0
What is the units digit of 245?
5
What is the hundreds digit of 23783?
7
What is the tens digit of 43?
4
What is the hundreds digit of 22288?
2
What is the tens digit of 15743?
4
What is the units digit of 7123?
3
What is the ten thousands digit of 18977?
1
What is the tens digit of 6270?
7
What is the hundreds digit of 1891?
8
What is the ten thousands digit of 12800?
1
What is the thousands digit of 7405?
7
What is the units digit of 4247?
7
What is the tens digit of 2278?
7
What is the units digit of 1219?
9
What is the ten thousands digit of 27962?
2
What is the hundreds digit of 13705?
7
What is the units digit of 652?
2
What is the tens digit of 6419?
1
What is the units digit of 10615?
5
What is the tens digit of 5887?
8
What is the ten thousands digit of 10249?
1
What is the units digit of 8084?
4
What is the thousands digit of 19437?
9
What is the hundreds digit of 37247?
2
What is the tens digit of 3879?
7
What is the ten thousands digit of 14092?
1
What is the thousands digit of 18886?
8
What is the tens digit of 12767?
6
What is the hundreds digit of 5529?
5
What is the tens digit of 48387?
8
What is the tens digit of 1751?
5
What is the hundreds digit of 3406?
4
What is the tens digit of 1695?
9
What is the tens digit of 76236?
3
What is the tens digit of 766?
6
What is the thousands digit of 14228?
4
What is the hundreds digit of 771?
7
What is the tens digit of 55075?
7
What is the hundreds digit of 2704?
7
What is the units digit of 833?
3
What is the thousands digit of 102374?
2
What is the tens digit of 466?
6
What is the hundreds digit of 26354?
3
What is the units digit of 61171?
1
What is the tens digit of 1412?
1
What is the tens digit of 653?
5
What is the tens digit of 3551?
5
What is the units digit of 3611?
1
What is the thousands digit of 6321?
6
What is the thousands digit of 29503?
9
What is the units digit of 898?
8
What is the units digit of 35127?
7
What is the tens digit of 2558?
5
What is the hundreds digit of 1270?
2
What is the units digit of 52650?
0
What is the tens digit of 4154?
5
What is the hundreds digit of 5087?
0
What is the thousands digit of 8872?
8
What is the units digit of 6?
6
What is the units digit of 12136?
6
What is the ten thousands digit of 108524?
0
What is the units digit of 981?
1
What is the tens digit of 81282?
8
What is the tens digit of 46582?
8
What is the hundreds digit of 20619?
6
What is the thousands digit of 6347?
6
What is the thousands digit of 2214?
2
What is the hundreds digit of 44384?
3
What is the units digit of 1377?
7
What is the thousands digit of 37251?
7
What is the hundreds digit of 13211?
2
What is the tens digit of 15275?
7
What is the units digit of 6500?
0
What is the units digit of 100606?
6
What is the tens digit of 1465?
6
What is the ten thousands digit of 26844?
2
What is the units digit of 235?
5
What is the tens digit of 3435?
3
What is the thousands digit of 2603?
2
What is the tens digit of 2970?
7
What is the hundreds digit of 205?
2
What is the units digit of 543?
3
What is the units digit of 105?
5
What is the units digit of 82031?
1
What is the thousands digit of 20229?
0
What is the hundreds digit of 2658?
6
What is the units digit of 4578?
8
What is the tens digit of 11916?
1
What is the thousands digit of 6332?
6
What is the units digit of 9700?
0
What is the hundreds digit of 4146?
1
What is the units digit of 31442?
2
What is the tens digit of 734?
3
What is the thousands digit of 4650?
4
What is the hundreds digit of 3501?
5
What is the tens digit of 1366?
6
What is the ten thousands digit of 58316?
5
What is the ten thousands digit of 16097?
1
What is the hundreds digit of 385?
3
What is the hundreds digit of 19312?
3
What is the tens digit of 3768?
6
What is the thousands digit of 46381?
6
What is the tens digit of 106786?
8
What is the hundreds digit of 58511?
5
What is the hundreds digit of 18594?
5
What is the thousands digit of 56859?
6
What is the hundreds digit of 5521?
5
What is the units digit of 2501?
1
What is the hundred thousands digit of 119082?
1
What is the ten thousands digit of 17083?
1
What is the tens digit of 8830?
3
What is the ten thousands digit of 76303?
7
What is the thousands digit of 4786?
4
What is the tens digit of 634?
3
What is the tens digit of 2249?
4
What is the tens digit of 20124?
2
What is the hundred thousands digit of 192524?
1
What is the units digit of 23989?
9
What is the units digit of 7595?
5
What is the units digit of 1804?
4
What is the units digit of 75221?
1
What is the hundreds digit of 2853?
8
What is the tens digit of 64118?
1
What is the units digit of 241?
1
What is the hundreds digit of 8334?
3
What is the hundreds digit of 13734?
7
What is the tens digit of 5998?
9
What is the tens digit of 650?
5
What is the thousands digit of 53082?
3
What is the thousands digit of 7162?
7
What is the tens digit of 3910?
1
What is the tens digit of 14945?
4
What is the thousands digit of 17966?
7
What is the thousands digit of 1787?
1
What is the units digit of 2786?
6
What is the thousands digit of 2905?
2
What is the hundreds digit of 3063?
0
What is the hundreds digit of 17726?
7
What is the hundreds digit of 510?
5
What is the tens digit of 86298?
9
What is the thousands digit of 20874?
0
What is the tens digit of 1026?
2
What is the hundreds digit of 546?
5
What is the units digit of 39379?
9
What is the tens digit of 82?
8
What is the thousands digit of 5498?
5
What is the units digit of 6575?
5
What is the thousands digit of 9867?
9
What is the units digit of 38979?
9
What is the units digit of 145?
5
What is the tens digit of 4909?
0
What is the thousands digit of 96965?
6
What is the thousands digit of 1488?
1
What is the tens digit of 3041?
4
What is the hundreds digit of 90733?
7
What is the hundreds digit of 313?
3
What is the tens digit of 1329?
2
What is the tens digit of 12024?
2
What is the tens digit of 52937?
3
What is the thousands digit of 14229?
4
What is the units digit of 6375?
5
What is the tens digit of 4279?
7
What is the units digit of 274?
4
What is the thou